{"id":1237,"date":"2021-02-01T11:22:15","date_gmt":"2021-02-01T10:22:15","guid":{"rendered":"https:\/\/www.dieteticagirasol.es\/politica-de-privacidad\/"},"modified":"2021-03-23T15:54:30","modified_gmt":"2021-03-23T14:54:30","slug":"politica-de-privacitat","status":"publish","type":"page","link":"https:\/\/www.dieteticagirasol.es\/ca\/politica-de-privacitat\/","title":{"rendered":"Pol\u00edtica de privacitat"},"content":{"rendered":"<p>[vc_row css_animation=&#8221;&#8221; row_type=&#8221;row&#8221; use_row_as_full_screen_section=&#8221;no&#8221; type=&#8221;full_width&#8221; angled_section=&#8221;no&#8221; text_align=&#8221;left&#8221; background_image_as_pattern=&#8221;without_pattern&#8221; el_class=&#8221;texte&#8221; z_index=&#8221;&#8221;][vc_column][vc_empty_space][vc_column_text]<u>RESPONSABLE DEL TRACTAMENT<\/u><\/p>\n<p>ISABEL PLANELL ALELLA (GIRA-SOL) 39326874W, amb domicili al C\/ Barcelona, 30 i C\/\u00a0Born, 3, 08242, Manresa\u00a0Tel\u00e8fon\u00a0938776113 i e-mail girasolherbolario@gmail.com[\/vc_column_text][vc_empty_space][vc_column_text]<u>FINALITAT<\/u><\/p>\n<p>La finalitat de la creaci\u00f3, exist\u00e8ncia i manteniment \u00e9s el tractament de les dades amb els exclusius fins de complir amb la nostra relaci\u00f3 comercial, i realitzar la facturaci\u00f3 d&#8217;aquesta.[\/vc_column_text][vc_empty_space][vc_column_text]<u>LEGITIMACI\u00d3<\/u><\/p>\n<p>La base legal per al tractament de les seves dades \u00e9s l&#8217;execuci\u00f3 de la relaci\u00f3 comercial entre el titular de la dada i el responsable del tractament i aquesta informaci\u00f3 personal es conservar\u00e0 mentre es mantingui la relaci\u00f3 comercial\/contractual o durant el temps estrictament necessari per a complir amb les obligacions legals.[\/vc_column_text][vc_empty_space][vc_column_text]<u>COMUNICACIONS COMERCIALS<\/u><\/p>\n<p>Aix\u00ed mateix i sobre la base del seu consentiment atorgat de manera afirmativa i expressa, ens permet poder enviar-li informaci\u00f3 comercial sobre els nostres productes i novetats a trav\u00e9s de correu electr\u00f2nic. Aquest consentiment podr\u00e0 ser revocat en qualsevol moment a trav\u00e9s del nostre correu electr\u00f2nic girasolherbolario@gmail.com[\/vc_column_text][vc_empty_space][vc_column_text]<u>PER\u00cdODE DE CONSERVACI\u00d3<\/u><\/p>\n<p>Les dades proporcionades es conservaran mentre es mantingui la relaci\u00f3 comercial o durant els anys necessaris per a complir amb les obligacions legals.[\/vc_column_text][vc_empty_space][vc_column_text]<u>DESTINATARIS<\/u><\/p>\n<p>Mentre duri el tractament de les dades de l&#8217;interessat, ISABEL PLANELL ALELLA (GIRA-SOL) no cedir\u00e0 les dades a tercers, tret que medi\u00ef obligaci\u00f3 legal.<\/p>\n<p>En els sup\u00f2sits que, per a la realitzaci\u00f3 de tractaments de tipus administratiu, fiscal, comptable i\/o comercial, es compti amb els serveis de tercers, es formalitzar\u00e0 degudament el preceptiu contracte d&#8217;encarregat de tractament, amb la finalitat de garantir la seguretat i confidencialitat de les dades de l&#8217;interessat enfront de tercers.[\/vc_column_text][vc_empty_space][vc_column_text]<u>DRETS<\/u><\/p>\n<p>Les persones interessades tenen dret a accedir a les seves dades de car\u00e0cter personal, aix\u00ed com a sol\u00b7licitar la rectificaci\u00f3 de dades inexactes o, en el seu cas, sol\u00b7licitar la supressi\u00f3 quan, entre altres motius, les dades ja no siguin necessaris per a la finalitat que van ser lliurats aix\u00ed com retirar el consentiment atorgat. L&#8217;exercici d&#8217;oposici\u00f3 al tractament de les seves dades per a l&#8217;enviament d&#8217;informaci\u00f3 publicit\u00e0ria per via electr\u00f2nica. Tamb\u00e9 pot exercir el seu dret a la limitaci\u00f3 del tractament, de manera que les seves dades no seran suprimits per\u00f2 el tractament dels mateixos estar\u00e0 subjecte a limitacions.<\/p>\n<p>Els exercicis de portabilitat i automatitzaci\u00f3 de decisions no apliquen en aquest cas per la tipologia de dades i tractament d&#8217;aquests.[\/vc_column_text][vc_empty_space][\/vc_column][\/vc_row]<\/p>\n","protected":false},"excerpt":{"rendered":"<p>[vc_row css_animation=&#8221;&#8221; row_type=&#8221;row&#8221; use_row_as_full_screen_section=&#8221;no&#8221; type=&#8221;full_width&#8221; angled_section=&#8221;no&#8221; text_align=&#8221;left&#8221; background_image_as_pattern=&#8221;without_pattern&#8221; el_class=&#8221;texte&#8221; z_index=&#8221;&#8221;][vc_column][vc_empty_space][vc_column_text]RESPONSABLE DEL TRACTAMENT ISABEL PLANELL ALELLA (GIRA-SOL) 39326874W, amb domicili al C\/ Barcelona, 30 i C\/\u00a0Born, 3, 08242, Manresa\u00a0Tel\u00e8fon\u00a0938776113 i e-mail girasolherbolario@gmail.com[\/vc_column_text][vc_empty_space][vc_column_text]FINALITAT La finalitat de la creaci\u00f3, exist\u00e8ncia i manteniment \u00e9s el tractament de les dades&#8230;<\/p>\n","protected":false},"author":1,"featured_media":0,"parent":0,"menu_order":0,"comment_status":"closed","ping_status":"closed","template":"","meta":{"footnotes":""},"class_list":["post-1237","page","type-page","status-publish","hentry"],"yoast_head":"<!-- This site is optimized with the Yoast SEO plugin v26.9 - https:\/\/yoast.com\/product\/yoast-seo-wordpress\/ -->\n<title>Pol\u00edtica de privacitat - Diet\u00e9tica Girasol<\/title>\n<meta name=\"description\" content=\"Pol\u00edtica de privacitat del nostre lloc web.\" \/>\n<meta name=\"robots\" content=\"index, follow, max-snippet:-1, max-image-preview:large, max-video-preview:-1\" \/>\n<link rel=\"canonical\" href=\"https:\/\/www.dieteticagirasol.es\/ca\/politica-de-privacitat\/\" \/>\n<meta property=\"og:locale\" content=\"ca_ES\" \/>\n<meta property=\"og:type\" content=\"article\" \/>\n<meta property=\"og:title\" content=\"Pol\u00edtica de privacitat - Diet\u00e9tica Girasol\" \/>\n<meta property=\"og:description\" content=\"Pol\u00edtica de privacitat del nostre lloc web.\" \/>\n<meta property=\"og:url\" content=\"https:\/\/www.dieteticagirasol.es\/ca\/politica-de-privacitat\/\" \/>\n<meta property=\"og:site_name\" content=\"Diet\u00e9tica Girasol\" \/>\n<meta property=\"article:modified_time\" content=\"2021-03-23T14:54:30+00:00\" \/>\n<meta property=\"og:image\" content=\"https:\/\/www.dieteticagirasol.es\/wp-content\/uploads\/2021\/02\/cereales.jpg\" \/>\n\t<meta property=\"og:image:width\" content=\"1000\" \/>\n\t<meta property=\"og:image:height\" content=\"667\" \/>\n\t<meta property=\"og:image:type\" content=\"image\/jpeg\" \/>\n<meta name=\"twitter:card\" content=\"summary_large_image\" \/>\n<script type=\"application\/ld+json\" class=\"yoast-schema-graph\">{\"@context\":\"https:\/\/schema.org\",\"@graph\":[{\"@type\":\"WebPage\",\"@id\":\"https:\/\/www.dieteticagirasol.es\/ca\/politica-de-privacitat\/\",\"url\":\"https:\/\/www.dieteticagirasol.es\/ca\/politica-de-privacitat\/\",\"name\":\"Pol\u00edtica de privacitat - Diet\u00e9tica Girasol\",\"isPartOf\":{\"@id\":\"https:\/\/www.dieteticagirasol.es\/ca\/#website\"},\"datePublished\":\"2021-02-01T10:22:15+00:00\",\"dateModified\":\"2021-03-23T14:54:30+00:00\",\"description\":\"Pol\u00edtica de privacitat del nostre lloc web.\",\"breadcrumb\":{\"@id\":\"https:\/\/www.dieteticagirasol.es\/ca\/politica-de-privacitat\/#breadcrumb\"},\"inLanguage\":\"ca\",\"potentialAction\":[{\"@type\":\"ReadAction\",\"target\":[\"https:\/\/www.dieteticagirasol.es\/ca\/politica-de-privacitat\/\"]}]},{\"@type\":\"BreadcrumbList\",\"@id\":\"https:\/\/www.dieteticagirasol.es\/ca\/politica-de-privacitat\/#breadcrumb\",\"itemListElement\":[{\"@type\":\"ListItem\",\"position\":1,\"name\":\"Inici\",\"item\":\"https:\/\/www.dieteticagirasol.es\/ca\/\"},{\"@type\":\"ListItem\",\"position\":2,\"name\":\"Pol\u00edtica de privacitat\"}]},{\"@type\":\"WebSite\",\"@id\":\"https:\/\/www.dieteticagirasol.es\/ca\/#website\",\"url\":\"https:\/\/www.dieteticagirasol.es\/ca\/\",\"name\":\"Herborister\u00eda y Diet\u00e9tica Girasol\",\"description\":\"\",\"publisher\":{\"@id\":\"https:\/\/www.dieteticagirasol.es\/ca\/#organization\"},\"alternateName\":\"Herborister\u00eda y Diet\u00e9tica Girasol\",\"potentialAction\":[{\"@type\":\"SearchAction\",\"target\":{\"@type\":\"EntryPoint\",\"urlTemplate\":\"https:\/\/www.dieteticagirasol.es\/ca\/?s={search_term_string}\"},\"query-input\":{\"@type\":\"PropertyValueSpecification\",\"valueRequired\":true,\"valueName\":\"search_term_string\"}}],\"inLanguage\":\"ca\"},{\"@type\":\"Organization\",\"@id\":\"https:\/\/www.dieteticagirasol.es\/ca\/#organization\",\"name\":\"Diet\u00e8tica Girasol\",\"url\":\"https:\/\/www.dieteticagirasol.es\/ca\/\",\"logo\":{\"@type\":\"ImageObject\",\"inLanguage\":\"ca\",\"@id\":\"https:\/\/www.dieteticagirasol.es\/ca\/#\/schema\/logo\/image\/\",\"url\":\"https:\/\/www.dieteticagirasol.es\/wp-content\/uploads\/2021\/02\/girasol-logo.png\",\"contentUrl\":\"https:\/\/www.dieteticagirasol.es\/wp-content\/uploads\/2021\/02\/girasol-logo.png\",\"width\":256,\"height\":100,\"caption\":\"Diet\u00e8tica Girasol\"},\"image\":{\"@id\":\"https:\/\/www.dieteticagirasol.es\/ca\/#\/schema\/logo\/image\/\"},\"sameAs\":[\"https:\/\/www.instagram.com\/dietetica_girasol\/\"]}]}<\/script>\n<!-- \/ Yoast SEO plugin. -->","yoast_head_json":{"title":"Pol\u00edtica de privacitat - Diet\u00e9tica Girasol","description":"Pol\u00edtica de privacitat del nostre lloc web.","robots":{"index":"index","follow":"follow","max-snippet":"max-snippet:-1","max-image-preview":"max-image-preview:large","max-video-preview":"max-video-preview:-1"},"canonical":"https:\/\/www.dieteticagirasol.es\/ca\/politica-de-privacitat\/","og_locale":"ca_ES","og_type":"article","og_title":"Pol\u00edtica de privacitat - Diet\u00e9tica Girasol","og_description":"Pol\u00edtica de privacitat del nostre lloc web.","og_url":"https:\/\/www.dieteticagirasol.es\/ca\/politica-de-privacitat\/","og_site_name":"Diet\u00e9tica Girasol","article_modified_time":"2021-03-23T14:54:30+00:00","og_image":[{"width":1000,"height":667,"url":"https:\/\/www.dieteticagirasol.es\/wp-content\/uploads\/2021\/02\/cereales.jpg","type":"image\/jpeg"}],"twitter_card":"summary_large_image","schema":{"@context":"https:\/\/schema.org","@graph":[{"@type":"WebPage","@id":"https:\/\/www.dieteticagirasol.es\/ca\/politica-de-privacitat\/","url":"https:\/\/www.dieteticagirasol.es\/ca\/politica-de-privacitat\/","name":"Pol\u00edtica de privacitat - Diet\u00e9tica Girasol","isPartOf":{"@id":"https:\/\/www.dieteticagirasol.es\/ca\/#website"},"datePublished":"2021-02-01T10:22:15+00:00","dateModified":"2021-03-23T14:54:30+00:00","description":"Pol\u00edtica de privacitat del nostre lloc web.","breadcrumb":{"@id":"https:\/\/www.dieteticagirasol.es\/ca\/politica-de-privacitat\/#breadcrumb"},"inLanguage":"ca","potentialAction":[{"@type":"ReadAction","target":["https:\/\/www.dieteticagirasol.es\/ca\/politica-de-privacitat\/"]}]},{"@type":"BreadcrumbList","@id":"https:\/\/www.dieteticagirasol.es\/ca\/politica-de-privacitat\/#breadcrumb","itemListElement":[{"@type":"ListItem","position":1,"name":"Inici","item":"https:\/\/www.dieteticagirasol.es\/ca\/"},{"@type":"ListItem","position":2,"name":"Pol\u00edtica de privacitat"}]},{"@type":"WebSite","@id":"https:\/\/www.dieteticagirasol.es\/ca\/#website","url":"https:\/\/www.dieteticagirasol.es\/ca\/","name":"Herborister\u00eda y Diet\u00e9tica Girasol","description":"","publisher":{"@id":"https:\/\/www.dieteticagirasol.es\/ca\/#organization"},"alternateName":"Herborister\u00eda y Diet\u00e9tica Girasol","potentialAction":[{"@type":"SearchAction","target":{"@type":"EntryPoint","urlTemplate":"https:\/\/www.dieteticagirasol.es\/ca\/?s={search_term_string}"},"query-input":{"@type":"PropertyValueSpecification","valueRequired":true,"valueName":"search_term_string"}}],"inLanguage":"ca"},{"@type":"Organization","@id":"https:\/\/www.dieteticagirasol.es\/ca\/#organization","name":"Diet\u00e8tica Girasol","url":"https:\/\/www.dieteticagirasol.es\/ca\/","logo":{"@type":"ImageObject","inLanguage":"ca","@id":"https:\/\/www.dieteticagirasol.es\/ca\/#\/schema\/logo\/image\/","url":"https:\/\/www.dieteticagirasol.es\/wp-content\/uploads\/2021\/02\/girasol-logo.png","contentUrl":"https:\/\/www.dieteticagirasol.es\/wp-content\/uploads\/2021\/02\/girasol-logo.png","width":256,"height":100,"caption":"Diet\u00e8tica Girasol"},"image":{"@id":"https:\/\/www.dieteticagirasol.es\/ca\/#\/schema\/logo\/image\/"},"sameAs":["https:\/\/www.instagram.com\/dietetica_girasol\/"]}]}},"_links":{"self":[{"href":"https:\/\/www.dieteticagirasol.es\/ca\/wp-json\/wp\/v2\/pages\/1237","targetHints":{"allow":["GET"]}}],"collection":[{"href":"https:\/\/www.dieteticagirasol.es\/ca\/wp-json\/wp\/v2\/pages"}],"about":[{"href":"https:\/\/www.dieteticagirasol.es\/ca\/wp-json\/wp\/v2\/types\/page"}],"author":[{"embeddable":true,"href":"https:\/\/www.dieteticagirasol.es\/ca\/wp-json\/wp\/v2\/users\/1"}],"replies":[{"embeddable":true,"href":"https:\/\/www.dieteticagirasol.es\/ca\/wp-json\/wp\/v2\/comments?post=1237"}],"version-history":[{"count":0,"href":"https:\/\/www.dieteticagirasol.es\/ca\/wp-json\/wp\/v2\/pages\/1237\/revisions"}],"wp:attachment":[{"href":"https:\/\/www.dieteticagirasol.es\/ca\/wp-json\/wp\/v2\/media?parent=1237"}],"curies":[{"name":"wp","href":"https:\/\/api.w.org\/{rel}","templated":true}]}}

Política de privacitat

<p>[vc_row css_animation=&#8221;&#8221; row_type=&#8221;row&#8221; use_row_as_full_screen_section=&#8221;no&#8221; type=&#8221;full_width&#8221; angled_section=&#8221;no&#8221; text_align=&#8221;left&#8221; background_image_as_pattern=&#8221;without_pattern&#8221; el_class=&#8221;texte&#8221; z_index=&#8221;&#8221;][vc_column][vc_empty_space][vc_column_text]<u>RESPONSABLE DEL TRACTAMENT</u></p>
<p>ISABEL PLANELL ALELLA (GIRA-SOL) 39326874W, amb domicili al C/ Barcelona, 30 i C/ Born, 3, 08242, Manresa Telèfon 938776113 i e-mail girasolherbolario@gmail.com[/vc_column_text][vc_empty_space][vc_column_text]<u>FINALITAT</u></p>
<p>La finalitat de la creació, existència i manteniment és el tractament de les dades amb els exclusius fins de complir amb la nostra relació comercial, i realitzar la facturació d&#8217;aquesta.[/vc_column_text][vc_empty_space][vc_column_text]<u>LEGITIMACIÓ</u></p>
<p>La base legal per al tractament de les seves dades és l&#8217;execució de la relació comercial entre el titular de la dada i el responsable del tractament i aquesta informació personal es conservarà mentre es mantingui la relació comercial/contractual o durant el temps estrictament necessari per a complir amb les obligacions legals.[/vc_column_text][vc_empty_space][vc_column_text]<u>COMUNICACIONS COMERCIALS</u></p>
<p>Així mateix i sobre la base del seu consentiment atorgat de manera afirmativa i expressa, ens permet poder enviar-li informació comercial sobre els nostres productes i novetats a través de correu electrònic. Aquest consentiment podrà ser revocat en qualsevol moment a través del nostre correu electrònic girasolherbolario@gmail.com[/vc_column_text][vc_empty_space][vc_column_text]<u>PERÍODE DE CONSERVACIÓ</u></p>
<p>Les dades proporcionades es conservaran mentre es mantingui la relació comercial o durant els anys necessaris per a complir amb les obligacions legals.[/vc_column_text][vc_empty_space][vc_column_text]<u>DESTINATARIS</u></p>
<p>Mentre duri el tractament de les dades de l&#8217;interessat, ISABEL PLANELL ALELLA (GIRA-SOL) no cedirà les dades a tercers, tret que mediï obligació legal.</p>
<p>En els supòsits que, per a la realització de tractaments de tipus administratiu, fiscal, comptable i/o comercial, es compti amb els serveis de tercers, es formalitzarà degudament el preceptiu contracte d&#8217;encarregat de tractament, amb la finalitat de garantir la seguretat i confidencialitat de les dades de l&#8217;interessat enfront de tercers.[/vc_column_text][vc_empty_space][vc_column_text]<u>DRETS</u></p>
<p>Les persones interessades tenen dret a accedir a les seves dades de caràcter personal, així com a sol·licitar la rectificació de dades inexactes o, en el seu cas, sol·licitar la supressió quan, entre altres motius, les dades ja no siguin necessaris per a la finalitat que van ser lliurats així com retirar el consentiment atorgat. L&#8217;exercici d&#8217;oposició al tractament de les seves dades per a l&#8217;enviament d&#8217;informació publicitària per via electrònica. També pot exercir el seu dret a la limitació del tractament, de manera que les seves dades no seran suprimits però el tractament dels mateixos estarà subjecte a limitacions.</p>
<p>Els exercicis de portabilitat i automatització de decisions no apliquen en aquest cas per la tipologia de dades i tractament d&#8217;aquests.[/vc_column_text][vc_empty_space][/vc_column][/vc_row]</p>

<p>[vc_row css_animation=&#8221;&#8221; row_type=&#8221;row&#8221; use_row_as_full_screen_section=&#8221;no&#8221; type=&#8221;full_width&#8221; angled_section=&#8221;no&#8221; text_align=&#8221;left&#8221; background_image_as_pattern=&#8221;without_pattern&#8221; el_class=&#8221;texte&#8221; z_index=&#8221;&#8221;][vc_column][vc_empty_space][vc_column_text]RESPONSABLE DEL TRACTAMENT ISABEL PLANELL ALELLA (GIRA-SOL) 39326874W, amb domicili al C/ Barcelona, 30 i C/ Born, 3, 08242, Manresa Telèfon 938776113 i e-mail girasolherbolario@gmail.com[/vc_column_text][vc_empty_space][vc_column_text]FINALITAT La finalitat de la creació, existència i manteniment és el tractament de les dades&#8230;</p>

<!-- This site is optimized with the Yoast SEO plugin v26.9 - https://yoast.com/product/yoast-seo-wordpress/ -->
<title>Política de privacitat - Dietética Girasol</title>
<meta name="description" content="Política de privacitat del nostre lloc web." />
<meta name="robots" content="index, follow, max-snippet:-1, max-image-preview:large, max-video-preview:-1" />
<link rel="canonical" href="https://www.dieteticagirasol.es/ca/politica-de-privacitat/" />
<meta property="og:locale" content="ca_ES" />
<meta property="og:type" content="article" />
<meta property="og:title" content="Política de privacitat - Dietética Girasol" />
<meta property="og:description" content="Política de privacitat del nostre lloc web." />
<meta property="og:url" content="https://www.dieteticagirasol.es/ca/politica-de-privacitat/" />
<meta property="og:site_name" content="Dietética Girasol" />
<meta property="article:modified_time" content="2021-03-23T14:54:30+00:00" />
<meta property="og:image" content="https://www.dieteticagirasol.es/wp-content/uploads/2021/02/cereales.jpg" />
	<meta property="og:image:width" content="1000" />
	<meta property="og:image:height" content="667" />
	<meta property="og:image:type" content="image/jpeg" />
<meta name="twitter:card" content="summary_large_image" />
<script type="application/ld+json" class="yoast-schema-graph">{"@context":"https://schema.org","@graph":[{"@type":"WebPage","@id":"https://www.dieteticagirasol.es/ca/politica-de-privacitat/","url":"https://www.dieteticagirasol.es/ca/politica-de-privacitat/","name":"Política de privacitat - Dietética Girasol","isPartOf":{"@id":"https://www.dieteticagirasol.es/ca/#website"},"datePublished":"2021-02-01T10:22:15+00:00","dateModified":"2021-03-23T14:54:30+00:00","description":"Política de privacitat del nostre lloc web.","breadcrumb":{"@id":"https://www.dieteticagirasol.es/ca/politica-de-privacitat/#breadcrumb"},"inLanguage":"ca","potentialAction":[{"@type":"ReadAction","target":["https://www.dieteticagirasol.es/ca/politica-de-privacitat/"]}]},{"@type":"BreadcrumbList","@id":"https://www.dieteticagirasol.es/ca/politica-de-privacitat/#breadcrumb","itemListElement":[{"@type":"ListItem","position":1,"name":"Inici","item":"https://www.dieteticagirasol.es/ca/"},{"@type":"ListItem","position":2,"name":"Política de privacitat"}]},{"@type":"WebSite","@id":"https://www.dieteticagirasol.es/ca/#website","url":"https://www.dieteticagirasol.es/ca/","name":"Herboristería y Dietética Girasol","description":"","publisher":{"@id":"https://www.dieteticagirasol.es/ca/#organization"},"alternateName":"Herboristería y Dietética Girasol","potentialAction":[{"@type":"SearchAction","target":{"@type":"EntryPoint","urlTemplate":"https://www.dieteticagirasol.es/ca/?s={search_term_string}"},"query-input":{"@type":"PropertyValueSpecification","valueRequired":true,"valueName":"search_term_string"}}],"inLanguage":"ca"},{"@type":"Organization","@id":"https://www.dieteticagirasol.es/ca/#organization","name":"Dietètica Girasol","url":"https://www.dieteticagirasol.es/ca/","logo":{"@type":"ImageObject","inLanguage":"ca","@id":"https://www.dieteticagirasol.es/ca/#/schema/logo/image/","url":"https://www.dieteticagirasol.es/wp-content/uploads/2021/02/girasol-logo.png","contentUrl":"https://www.dieteticagirasol.es/wp-content/uploads/2021/02/girasol-logo.png","width":256,"height":100,"caption":"Dietètica Girasol"},"image":{"@id":"https://www.dieteticagirasol.es/ca/#/schema/logo/image/"},"sameAs":["https://www.instagram.com/dietetica_girasol/"]}]}</script>
<!-- / Yoast SEO plugin. -->

Política de privacitat - Dietética Girasol

Política de privacitat del nostre lloc web.

Dietética Girasol

Herboristería y Dietética Girasol

Dietètica Girasol
